3 + 2. Let y be r(u). Suppose 0 = y*n - n - 50. List the prime factors of n.
2, 5
Suppose -f = -2*f - 1. What are the prime factors of (f/(-3))/(1/60)?
2, 5
Let b = -6 - -8. Suppose 0 = b*p - 4, 4*p = 3*n - 0*p - 1. What are the prime factors of n?
3
Let n be (-3)/(-2*(-9)/(-60)). Let w(m) = m**2 - 9*m - 8. List the prime factors of w(n).
2
Suppose 0 + 1 = -z. What are the prime factors of z/5 - (-11)/5?
2
Let c = 1 + 1. Suppose w = 20 - c. What are the prime factors of w?
2, 3
Let k = -3 - -6. What are the prime factors of (1*-1)/(k/(-18))?
2, 3
Suppose 0*p = -2*p. Suppose 5*o + 5*s - 10 = p, 0 = -5*o + 5*s - 24 + 4. Let j = 10 + o. List the prime factors of j.
3
Suppose -3*r = -6*r + 120. List the prime factors of r.
2, 5
Let b(t) = -2*t**3 - 2*t**2 + 3*t + 2. Let q be b(-2). Suppose o + 24 = 4*o. Suppose -5*x = -q*x - o. List the prime factors of x.
2
Let s = 79 + 75. List the prime factors of s.
2, 7, 11
List the prime factors of (-963)/(-27) - (-2)/6.
2, 3
Let g(i) = 7*i**2 - 11*i - 17. List the prime factors of g(7).
3, 83
Let m be (1 - -2)*12/(-9). Suppose 2*v + 4 = -5*j - 12, 4*v + 4*j = -32. List the prime factors of (-126)/v - (-3)/m.
3, 5
Let k be 27 - 2*(-2)/4. Suppose 0 = -6*t + 2*t + k. List the prime factors of t.
7
Let k(r) = -r**2 - 2*r - 6. Let w be k(-4). Let i = w - -33. List the prime factors of i.
19
Let a(b) = b**2 - 5*b - 4. Let x be a(7). Suppose -2*i - 3*i = -x. Suppose 0*o = i*o - 20. List the prime factors of o.
2, 5
Suppose -8*s + 58 = -102. Let v = 1 + -1. Suppose v = o - s + 7. What are the prime factors of o?
13
Let m(n) = 2*n**2 - 16*n + 19. What are the prime factors of m(12)?
5, 23
Let d = 4 + -2. Let p = 4 - d. List the prime factors of 2/2 + 4 - p.
3
What are the prime factors of 140/3*(-84)/(-70)?
2, 7
Suppose 28 = 6*u + 10. Let y be (3 - (2 - 2))*-1. List the prime factors of 22*u/6 + y.
2
Let t(x) = -x**3 - 2*x**2 + 2. Let d be t(-2). Let m(v) = -1 + 5*v**2 - v + 5*v + 5 - d. What are the prime factors of m(-2)?
2, 7
Let x = 23 - 13. Let b = x + -5. Suppose 6*d - d - 4*c - 48 = 0, 26 = 2*d - b*c. List the prime factors of d.
2
Suppose -35 = 5*m - 175. List the prime factors of m.
2, 7
Suppose 4*i = 4*g + 28, 2*g + 2*i = g - 4. What are the prime factors of 4/(-6)*45/g?
5
Let g = -1 + 2. Let u = g - -21. List the prime factors of u.
2, 11
Let s = -12 + 15. Suppose -s*q = 15 - 54. List the prime factors of q.
13
Suppose -1 = -2*k + 3. Let f be k/(-9) + 148/18. What are the prime factors of (-1)/(-4) + 38/f?
5
Let q = 7 - 4. Suppose 0 = -0*s + q*s + 5*r - 80, -5*r = -3*s + 70. What are the prime factors of s?
5
Let m(k) be the third derivative of -k**4/12 - 3*k**3/2 + k**2. What are the prime factors of m(-8)?
7
Let q be (0 + -2)/(4/(-8)). Suppose -3*v + 2*p = -0 + 5, q*v = 4*p - 12. What are the prime factors of (3*-6)/(v*-2)?
3
Let l = -282 - -632. List the prime factors of l.
2, 5, 7
Suppose 5*g + 4 = 54. List the prime factors of g.
2, 5
Suppose u - 38 = -2*m, 5*m - 80 = -3*u + u. What are the prime factors of u?
2, 3, 5
Let x(c) be the third derivative of -c**4/24 + 3*c**3/2 - 2*c**2. Let b be x(7). Suppose 0 = -b*a - 3*a + 35. What are the prime factors of a?
7
Let a = 8 + -7. Let f(o) = a + 3 - 6*o - 5*o**2 - 6 - o**3. List the prime factors of f(-4).
2, 3
Let g(m) = m**3 + 9*m**2 - 24. What are the prime factors of g(-7)?
2, 37
Suppose -4*k + k = -12. Suppose k*j - 30 = 2. List the prime factors of j.
2
Suppose 3*y - t = 65, -y + 2*t + 2*t = -7. List the prime factors of y.
23
Let b(s) = s**2 - 6*s - 1. Suppose -38 = -5*c - 8. Let i be b(c). What are the prime factors of (-10 + i - 1)/(-2)?
2, 3
List the prime factors of ((-50)/8)/(18/(-144)).
2, 5
Let q = 409 - 284. Suppose 3*c = -2*c - q. List the prime factors of (-20)/c*10/2.
2
Let d be 0/((-6)/(-3 - -6)). List the prime factors of (-13 + d)/(-1) + -2.
11
Let r = 155 + -21. What are the prime factors of r?
2, 67
Let b be 2/(-1) + 16 - 3. Suppose 38 = 3*c + b. What are the prime factors of c?
3
Suppose 0 = -4*i + 8*i - 324. List the prime factors of i.
3
Let f = -13 + 25. List the prime factors of f.
2, 3
What are the prime factors of -2 + 15/(-5) + 82?
7, 11
Let o(w) = w + 4. What are the prime factors of o(15)?
19
Let g(j) = -j**3 - 5*j**2 - 6*j - 44. What are the prime factors of g(-8)?
2, 7
Let x = 11 + -6. What are the prime factors of 1 + x + -2 + 2?
2, 3
Suppose 2*b + b = 0. Suppose b*l - 3 = -l. List the prime factors of l.
3
Let k = -2 - -7. Let h(s) = s**2 - 3*s - 6. Let l be h(k). Suppose -l*y + 12 + 4 = 0. What are the prime factors of y?
2
Let f(t) = t**3 + 6*t**2 - 10*t - 4. What are the prime factors of f(-7)?
17
Suppose 0 = 4*g - 0*g - z + 55, 3*g + 2*z = -33. Let n = -9 - g. Suppose -3*l + 71 = -n*r, 3*l = -0*r + 2*r + 67. What are the prime factors of l?
3, 7
Let g = -51 - -79. What are the prime factors of g?
2, 7
Let q(b) = -3*b**3 + 3*b**3 + b**3 + 0*b**2 - 3*b**2 - 5. List the prime factors of q(4).
11
Let c = 2 - -18. Suppose 0 = 2*s - 3*s + 3. Suppose w + c = s*w. What are the prime factors of w?
2, 5
Suppose 0 = -3*w - 9, 3*q - 24 = -w + 5*w. Suppose 98 = q*y - 5*k, -4*y + 83 = -y + k. What are the prime factors of y?
3
Let n be -3*1/(6/(-4)). Suppose 4*o + 26 = 3*z, n*z - 7*z + o = -32. List the prime factors of z.
2, 3
Suppose -x + 5 = 0, -z + 4*x - 18 = 2. Suppose z*s = 2*s. Suppose -2*u + 6*o - 2*o = 0, s = -2*u - o + 5. What are the prime factors of u?
2
Let r(p) be the third derivative of -p**4/24 - 5*p**3/6 + 2*p**2. Let b be r(-5). What are the prime factors of b/2 - (-4)/2?
2
Let j(h) = h**2 - 3*h - 3. Let k be j(3). Let r(l) be the second derivative of -l**3/3 + 3*l**2/2 - l. List the prime factors of r(k).
3
Let w be 4/14 + (-342)/21. Let t be (3 - 0)/((-12)/w). List the prime factors of 9 + (2 - 4) + t.
11
Let f be 1/(-3) + (-570)/(-9). Suppose 27 = -4*a + f. What are the prime factors of a?
3
Let f(w) = -w**3 + 5*w**2 + 5*w - 8. Let s be f(6). Let d = 37 + s. List the prime factors of d.
23
Suppose -3*u + t = 4*t - 3, 4*t + 16 = 0. Let n = 36 + u. What are the prime factors of n?
41
What are the prime factors of (9/((-9)/(-62)))/2?
31
Let q = 124 + -70. List the prime factors of q.
2, 3
Let z = 13 + 77. What are the prime factors of z?
2, 3, 5
Suppose 0 = 3*r - 7 - 11. Suppose d - r = -2*k + 4, 5*d + 5*k - 40 = 0. List the prime factors of d.
2, 3
Let b(g) = -g**3 + 4*g**2 - g - 2. Let x be b(3). What are the prime factors of x/(-14) - 1620/(-84)?
19
Let r(b) = -49*b**3 + 3*b**2 - 2. Let g be r(2). What are the prime factors of g/(-18) - 6/27?
3, 7
Suppose 2*g - 4*m - 372 = 320, 2*m = -10. List the prime factors of g.
2, 3, 7
List the prime factors of (0 - -1) + 3 - -14.
2, 3
Let l(d) = 5*d + 4*d**2 - 10 + 6*d**2 - 3*d**2. Let m(v) = 8*v**2 + 6*v - 11. Let z(x) = 7*l(x) - 6*m(x). What are the prime factors of z(-3)?
2
Suppose -3*p = 9, 2*p = g - 192 + 52. What are the prime factors of g?
2, 67
Let p(l) = l**2 - 3*l - 4. Let j be p(5). Suppose 2*u - 34 = -4*v, -v = -j + 1. What are the prime factors of u?
7
Let u(b) = -35*b + 37. What are the prime factors of u(-5)?
2, 53
Let t(q) = 8*q**3 + 3*q**2 - 7*q + 3. List the prime factors of t(2).
5, 13
Let g = -7 - -16. Suppose g*s - 5*s - 56 = 0. What are the prime factors of s?
2, 7
Let o(q) = -2*q**3 - 5*q**2 - q + 1. What are the prime factors of o(-4)?
53
Let k be 5 - (0 + 1)*0. Suppose -10 = -0*z - 5*z. Suppose -73 = -k*q + z. List the prime factors of q.
3, 5
Let z(x) be the third derivative of -x**4/12 - x**3 - x**2. Suppose 2*g = g + 5*w - 11, 3*w - 3 = 0. What are the prime factors of z(g)?
2, 3
Let y be ((-2)/4)/(1/4). Let u be 1/y - (-7)/2. Suppose 2*v + u*v = 25. What are the prime factors of v?
5
Let p be (4/3)/(2/(-6)). Let k be 3/(-2) + 2/p. List the prime factors of (5/k)/((-5)/30).
3, 5
Let p = -4 - -2. List the prime factors of 12/(-18)*45/p.
3, 5
Suppose 6*l - 3*l - 21 = 0. Suppose 5*p + 3 = -l, 3*p = -2*d + 36. What are the prime factors of d?
3, 7
Let x(y) = y**2 - 7*y + 2. Let u be x(5). Let o be (-70)/(-8) - (-6)/u. Suppose -3*s + 5*s - o = 0. List the prime factors of s.
2
Suppose 0*t - 10 = -5*t, -3*t + 10 = 4*s. What are the prime factors of -2 + 3 + 10 + s?
2, 3
Let n(s) = 23*s**2 + s. Let o be n(1). Let b be 3*(3 + (-2 - 0)). Suppos